5 - 43. Suppose i*s = -w - 1, -7*s - 5 = -2*s + 5*w. Suppose 3*m - 424 - 518 = s. Is m composite?
True
Suppose 451 = -c + 396. Is (-337855)/c + 4/22 composite?
False
Suppose 0 = -4*a + 4*n + 32, -2*a + 2*n = 3*a - 25. Let r(p) = -84*p**2 - 7*p + 9. Let j(c) = -42*c**2 - 4*c + 5. Let x(m) = 7*j(m) - 4*r(m). Is x(a) composite?
True
Let m(u) = -u**3 + 35*u**2 + 11*u + 73. Let c be m(31). Let b = -1149 + c. Is b a composite number?
False
Let u = 23634 - -13037. Is u prime?
True
Suppose -2*j - 4 = -4*f + 10, 3*j = 9. Suppose 0 = -2*v + 4*w + 34118, 4*w + 85295 = f*v + 2*w. Is v prime?
False
Let r(b) = 27*b**3 - 10*b**2 + 25*b - 359. Is r(16) a composite number?
True
Let u = -990206 + 2090953. Is u composite?
False
Is (4/(-18) + (-28)/(-18))/(6924/5661943479) composite?
False
Suppose p - 2*c = 12 - 5, 2*p - c - 11 = 0. Suppose 0 = p*m - 10*m + 35155. Is m composite?
True
Let a = 49 - 47. Suppose 0 = -2*i - 2*i + a*k + 12958, 0 = -2*i - 2*k + 6482. Is (4 + -2)/(i/(-1623) - -2) composite?
False
Let s be (5 + (-21)/3)/(1 + 0). Let j(b) = 17052*b**2 - 3*b - 9. Let h be j(s). Suppose 0*k = 15*k - h. Is k composite?
False
Suppose -7*x + 4*x = -222630 - 83781. Is x prime?
False
Let j(i) = 297*i**2 - 17*i + 27. Let k = 94 - 90. Is j(k) prime?
False
Let b(k) = -564*k + 365. Is b(-32) a prime number?
True
Let o = -22554 - -52931. Is o a composite number?
True
Let u = 920940 + -467617. Is u a prime number?
False
Suppose 5*o - 587314 = -4*m, -8 = 93*m - 91*m. Is o a composite number?
True
Let i(d) = -5*d**3 - 16*d**2 - 4*d - 12. Is i(-11) prime?
True
Let w = 86 + -91. Let a(k) = -6 - 3 + 9 - 3*k + 10*k**2 - 8*k**3 - 4. Is a(w) prime?
False
Let n(i) = 77700*i + 97. Is n(1) composite?
False
Let p(s) = -s**3 - 21*s**2 - 20*s + 175. Is p(-27) composite?
True
Let g(f) = f**3 + 8*f**2 - 10*f - 3. Let b be g(-9). Let i be b*((-9)/(-6) - 4). Let d(t) = -t**3 - 13*t**2 - 20*t + 37. Is d(i) prime?
True
Let h = 1768 + 397. Let l = h + 876. Is l a composite number?
False
Suppose 60*r - 58*r + 2*l - 1211300 = 0, 0 = 3*r + 5*l - 1816964. Is r prime?
False
Suppose 0 = j + 3154 - 1061. Suppose -5*z - 65 = 5*g, z + g - 35 = 4*z. Is ((-4)/z)/((-1)/(-6)) - j prime?
False
Suppose c + 2*c = 30. Is 1612/10 + 1/c*-2 a prime number?
False
Suppose 5*s = 3*d - 107, -3*s = 19 - 7. Suppose 43719 = -d*x + 367852. Is x a prime number?
True
Let g(o) = 97 + 62815*o - 28671*o - 186 + 101 + 38529*o. Is g(1) composite?
True
Let z(u) = u**3 + 8 + 22*u + 9 - 22*u**2 + 15 - 4. Suppose 10*g - 166 = 44. Is z(g) a composite number?
True
Suppose 0 = -w + 2, 0 = -j - 3*w + 2*w + 154781. Is j prime?
False
Suppose -9*v + 9 = -36. Suppose 107 = v*k + 2. Is 17932/28 + 12/k prime?
True
Let x(m) be the first derivative of -8*m**3/3 + 39. Let o be x(-3). Let i = 146 + o. Is i prime?
False
Let o = 49452 + -34655. Is o a composite number?
False
Let x(j) = 34*j**3 + 31*j**2 + 55*j - 26. Is x(16) prime?
False
Let m(n) = 82542*n**2 - 47*n - 48. Is m(-1) a prime number?
False
Let d(o) = 14*o**2 - 7*o + 39. Let t be d(-15). Let s = 5213 - t. Is s a prime number?
False
Let t = 94 + -114. Let d(h) = -3*h - 60. Let p be d(t). Suppose -j + p*j = -5*s + 4260, 2*s = j + 1707. Is s a composite number?
True
Let c(x) = 11*x**2 - 18*x + 23. Let u(a) = 12*a**2 - 18*a + 23. Let l(h) = 4*c(h) - 3*u(h). Let z be (14 - (5 + -2)) + (-6 - -10). Is l(z) a prime number?
True
Suppose -n = -2*p + 5, -n + 9 = -5*p + 10*p. Is 1 + 6970 - (-8 + p) a composite number?
False
Let k be (-63)/(-6)*(-72)/(-63). Suppose -79853 = -k*x + 1159. Is x a composite number?
True
Let c = 199286 - 55947. Is c a prime number?
False
Is (-1340428)/(-5) - (14/(-10) + -38 + 40) prime?
False
Suppose 38*l - 211 = 131. Let s(j) = -6*j + 11*j**2 - 3*j - j**3 + j - 13. Is s(l) prime?
False
Suppose -q - 8*m = -10*m - 41631, 3*q - 2*m - 124877 = 0. Is q prime?
False
Let w be ((-3)/9)/((-16)/(-1218384)). Is 2/(((-18)/(-27))/(w/(-9))) composite?
False
Suppose 49*d - 322375 = 74*d. Let h = d + 20296. Is h a prime number?
False
Let b(p) be the third derivative of -3*p**4/8 - 13*p**3/3 - 11*p**2. Let o be b(-10). Suppose 0 = -4*a + 4244 + o. Is a prime?
False
Suppose 5*a = 3*l - 41, 2*l + a - 4*a = 26. Suppose -2478 - 2443 = -l*h. Let z = 1080 - h. Is z a prime number?
False
Suppose -33*y = 352*y - 501014 - 72765641. Is y a prime number?
False
Suppose 122*r + 6756868 = 5*w + 119*r, 4*r = -4. Is w a prime number?
True
Suppose -4*v - 5*j + 6636 = 0, 5*v + 4*j - 2270 - 6034 = 0. Let o = v + -825. Is o composite?
False
Let n be 119/(-9) - 1/((-27)/6). Let q(k) = 704*k + 12. Let x be q(n). Let g = -6507 - x. Is g a composite number?
False
Suppose 117*z - 470952 = 129*z. Let l = z + 69011. Is l prime?
False
Let y be (4/(-2))/((-5)/35 - 0). Let a(q) = 3*q**3 - 15*q**2 + 36*q - 17. Is a(y) a prime number?
True
Suppose 5*j = -o - 4, -2*o + 3*j = -j - 6. Let a(r) = -r**2 + r. Let i(d) = 5*d**2 - 14*d - 11. Let f(g) = o*i(g) + 4*a(g). Is f(-12) composite?
True
Let y = -37751 - -66138. Is y a prime number?
True
Let y = 211 - 209. Suppose -3*b = -y*t + 14588, 3000 = -4*t + 2*b + 32184. Is t a prime number?
True
Suppose 3*h = 4*r + 10, 0 = 3*h + 4*r - 46 + 20. Suppose -4*m = -h*m + x + 471, 4*x = 12. Is m/(-4)*2116/(-69) a composite number?
True
Let p = 74801 + -16330. Is p prime?
False
Suppose -261 + 131 = 13*n. Let u be 8*(2 + (-5)/2). Is -2*(4449/(-10) + u/n) composite?
True
Is (-31)/(-155)*(1 - -88534) prime?
True
Suppose 2*r + 87 + 65 = 5*d, -5*r + 20 = 0. Let s = -20 + d. Is 627 + s/(-9)*-3 a composite number?
False
Let c = -40 - -41. Let g be 5/2 - -1 - c/2. Is (-59)/1*(g + (-16)/4) prime?
True
Let u = -1979 + -4399. Let o = u - -10859. Is o a prime number?
True
Let o = 61458 + -20191. Is o a composite number?
True
Suppose 6*i - 95*i + 35950156 + 40656327 = 0. Is i prime?
True
Suppose 19*g - 3*f = 26*g - 1129106, f = -5. Is g prime?
True
Let w be (-5)/10 + (-293006)/(-4). Suppose 192492 = 9*o - w. Is o a composite number?
False
Suppose 13*n - 10*n = -213. Let k = n - -73. Suppose -b + 3*j - 775 = -k*b, 4*b - 3136 = -3*j. Is b prime?
True
Let o(g) = -9*g + 11. Let w be o(2). Let p be -1*(w/(-14) - 14/4). Suppose p*q = 2839 + 2852. Is q prime?
False
Let u(j) = -951864*j - 93. Is u(-1) a prime number?
False
Is -3 + 132547 + (-56 - -53) a prime number?
True
Let f = -65 - -69. Let s be (-2)/((-6)/4899) - (f - 1). Suppose -81*i + 76*i = -s. Is i a composite number?
True
Let d be (-12 - 2/(-1))*32. Let m = -662 - -23. Let g = d - m. Is g prime?
False
Let h be ((-444)/(-18))/(3/9). Let y = 74 - h. Suppose 0 = 4*a + p - 246 - 73, -3*a + 2*p + 231 = y. Is a a prime number?
True
Suppose 11*v - 30 - 14 = 0. Suppose -26 = -4*t + 3*j - 5*j, v*t - 3*j = 41. Suppose p + 5537 = t*p. Is p prime?
False
Suppose -13*q + 0*q = 0. Suppose -2*p + 5183 = 2*p + a, 4*a - 12 = 0. Suppose q = -5*b + 1820 + p. Is b a composite number?
True
Suppose 11*d - 2180430 = 7577813. Is d a prime number?
True
Suppose -1564*q + 1565*q + 4*p - 819659 = 0, -4*q + 3278522 = -3*p. Is q prime?
False
Suppose -24*r = -30*r - 18. Let s be (-100)/(-1 + 9/12). Let l = s + r. Is l a composite number?
False
Is (-298910)/(-14) + -10 + 4/14 composite?
False
Suppose -21*d + 6*d = -779191 - 1015874. Is d a composite number?
False
Suppose -2045851 = -67*w + 1359156. Is w composite?
False
Let l = 279202 + -195819. Is l a prime number?
True
Suppose -u + 772919 = 3*k, 0 = 2*k - 73*u + 68*u - 515268. Is k a composite number?
False
Let o be (13*(-2 + 1))/(-1). Let r be ((-9)/27)/(6/5940*-3). Suppose -o*l = -8*l - r. Is l a prime number?
False
Suppose -4696 = -4*k + 4*v + 27632, -2*v = 2. Is k composite?
False
Let n(p) = 2*p + 14. Let o(q) = q**2 - 7*q + 4. Let f be o(5). Let i be n(f). Suppose i*d = -0*d + 190. Is d a composite number?
True
Let l(z) = 2*z**2 - 7*z. Let a be l(0). Suppose a = 7*d + 8*d - 13695. Is d a composite number?
True
Let u be ((-18)/30 + (-3)/(-5))/(-2). Suppose 9*i - 6912 - 18855 = u. Is i a prime number?
False
Let h(v) = v + 201. Let q be h(0). Let k = 123 + 92. Suppose -i = 2*g - k, i = 2*i - 5*g - q. Is i composite?
False
Is (2140/(-963)*160158/(-4))/((-2)/(-3)) prime?
False
Suppose -l + 2253 = -3*k, 4*k + 6046 = 3*l - 698. Is l/18*(-129)/(-2) - 2 a composite number?
False
Suppose -3*y = -4*s, 14*y - 11 = -s + 12